149, 151, 1213
What are the prime factors of 1023826?
2, 619, 827
What are the prime factors of 2288562?
2, 3, 191, 1997
What are the prime factors of 1829228?
2, 457307
List the prime factors of 1178461.
1178461
List the prime factors of 373877.
7, 53411
List the prime factors of 253176.
2, 3, 7, 11, 137
What are the prime factors of 5052514?
2, 2526257
List the prime factors of 108751.
108751
What are the prime factors of 1092188?
2, 273047
What are the prime factors of 486526?
2, 243263
What are the prime factors of 1930492?
2, 113, 4271
List the prime factors of 1582433.
601, 2633
What are the prime factors of 21982871?
23, 955777
List the prime factors of 52722.
2, 3, 29, 101
List the prime factors of 3056057.
3056057
What are the prime factors of 32745224?
2, 41, 99833
List the prime factors of 235305.
3, 5, 7, 83
What are the prime factors of 1045665?
3, 5, 19, 1223
List the prime factors of 12142315.
5, 571, 4253
What are the prime factors of 49211?
49211
List the prime factors of 4257328.
2, 266083
List the prime factors of 104307.
3, 7, 4967
What are the prime factors of 22876376?
2, 983, 2909
What are the prime factors of 6604937?
283, 23339
List the prime factors of 2204276.
2, 551069
What are the prime factors of 1227085?
5, 245417
List the prime factors of 21034010.
2, 5, 181, 11621
What are the prime factors of 274742?
2, 13, 10567
List the prime factors of 3562111.
7, 83, 6131
List the prime factors of 13384.
2, 7, 239
What are the prime factors of 7902092?
2, 11, 179593
List the prime factors of 760524.
2, 3, 63377
List the prime factors of 1435205.
5, 41, 7001
List the prime factors of 243401.
243401
List the prime factors of 2191495.
5, 43, 10193
What are the prime factors of 1816503?
3, 13, 47, 991
What are the prime factors of 3444889?
7, 199, 2473
What are the prime factors of 140200?
2, 5, 701
What are the prime factors of 4284144?
2, 3, 47, 211
What are the prime factors of 14649721?
14649721
List the prime factors of 631474.
2, 71, 4447
List the prime factors of 21576063.
3, 7192021
List the prime factors of 72407.
61, 1187
What are the prime factors of 1602123?
3, 211, 2531
List the prime factors of 3443067.
3, 4723
List the prime factors of 9739710.
2, 3, 5, 36073
List the prime factors of 6933672.
2, 3, 23, 53, 79
What are the prime factors of 163280?
2, 5, 13, 157
List the prime factors of 819949.
13, 63073
What are the prime factors of 307391?
7, 43913
List the prime factors of 119865.
3, 5, 61, 131
List the prime factors of 431800.
2, 5, 17, 127
List the prime factors of 185848.
2, 13, 1787
What are the prime factors of 111877?
17, 6581
List the prime factors of 2246678.
2, 7, 383, 419
List the prime factors of 671078.
2, 335539
List the prime factors of 1862744.
2, 13, 17911
List the prime factors of 3891450.
2, 3, 5, 25943
List the prime factors of 2481139.
2481139
What are the prime factors of 108697?
73, 1489
List the prime factors of 328920.
2, 3, 5, 2741
What are the prime factors of 4716932?
2, 11, 23, 59, 79
What are the prime factors of 22149?
3, 23, 107
What are the prime factors of 461022?
2, 3, 76837
List the prime factors of 30748637.
2521, 12197
What are the prime factors of 1251617?
263, 4759
List the prime factors of 6681196.
2, 41, 40739
List the prime factors of 572692.
2, 29, 4937
What are the prime factors of 350135?
5, 239, 293
List the prime factors of 5551788.
2, 3, 11, 137, 307
List the prime factors of 1885138.
2, 942569
List the prime factors of 4047965.
5, 29, 27917
List the prime factors of 830460.
2, 3, 5, 13841
What are the prime factors of 156610?
2, 5, 15661
What are the prime factors of 911916?
2, 3, 73, 347
What are the prime factors of 5141080?
2, 5, 7, 43, 61
What are the prime factors of 257094?
2, 3, 23
What are the prime factors of 606423?
3, 19, 10639
What are the prime factors of 572702?
2, 13, 22027
What are the prime factors of 4484937?
3, 29, 51551
List the prime factors of 76155.
3, 5, 5077
List the prime factors of 228154.
2, 114077
What are the prime factors of 685308?
2, 3, 13, 23, 191
What are the prime factors of 703749?
3, 17, 13799
What are the prime factors of 498335?
5, 99667
What are the prime factors of 15311809?
15311809
What are the prime factors of 320383?
7, 37, 1237
What are the prime factors of 2178024?
2, 3, 151, 601
List the prime factors of 12150328.
2, 277, 5483
What are the prime factors of 31442900?
2, 5, 41, 7669
What are the prime factors of 226621?
226621
List the prime factors of 338577.
3, 112859
What are the prime factors of 311536?
2, 19471
List the prime factors of 542218.
2, 271109
List the prime factors of 439725.
3, 5, 11, 13, 41
What are the prime factors of 89870?
2, 5, 11, 19, 43
List the prime factors of 11153836.
2, 17, 19, 89, 97
What are the prime factors of 967372?
2, 7, 34549
List the prime factors of 8405779.
41, 205019
What are the prime factors of 6197807?
7, 11, 80491
What are the prime factors of 442432?
2, 31, 223
List the prime factors of 1621149.
3, 540383
What are the prime factors of 63393?
3, 11, 17, 113
List the prime factors of 1420565.
5, 29, 97, 101
What are the prime factors of 1589262?
2, 3, 17, 15581
What are the prime factors of 232562?
2, 11, 31
What are the prime factors of 408530?
2, 5, 40853
List the prime factors of 14394621.
3, 101, 47507
What are the prime factors of 8285?
5, 1657
List the prime factors of 1009782.
2, 3, 56099
What are the prime factors of 1504337?
31, 48527
List the prime factors of 5516920.
2, 5, 107, 1289
What are the prime factors of 11709548?
2, 19, 154073
What are the prime factors of 6036123?
3, 599, 3359
List the prime factors of 17407394.
2, 2731, 3187
What are the prime factors of 935073?
3, 107, 971
What are the prime factors of 1838402?
2, 19, 101, 479
List the prime factors of 26017.
26017
What are the prime factors of 9618503?
19, 47, 10771
List the prime factors of 4936344.
2, 3, 7, 29383
What are the prime factors of 3951384?
2, 3, 31, 47, 113
What are the prime factors of 4687603?
31, 151213
List the prime factors of 19171530.
2, 3, 5, 7, 30431
What are the prime factors of 1600485?
3, 5, 106699
List the prime factors of 3183146.
2, 19, 211, 397
What are the prime factors of 2096650?
2, 5, 19, 2207
List the prime factors of 547774.
2, 17, 16111
List the prime factors of 2068926.
2, 3, 344821
List the prime factors of 2830591.
2830591
List the prime factors of 15777967.
947, 16661
What are the prime factors of 8365941?
3, 929549
List the prime factors of 334258.
2, 37, 4517
What are the prime factors of 33439245?
3, 5, 7, 167, 1907
List the prime factors of 283818.
2, 3, 47303
List the prime factors of 137597.
137597
What are the prime factors of 395546?
2, 197773
List the prime factors of 3513219.
3, 1171073
List the prime factors of 323244.
2, 3, 41, 73
What are the prime factors of 196345?
5, 107, 367
List the prime factors of 1187771.
13, 91367
List the prime factors of 4926067.
1861, 2647
What are the prime factors of 3785928?
2, 3, 157747
List the prime factors of 1836385.
5, 367277
List the prime factors of 824864.
2, 149, 173
What are the prime factors of 16921233?
3, 7, 41, 6551
List the prime factors of 115955.
5, 7, 3313
What are the prime factors of 887187?
3, 7, 83, 509
What are the prime factors of 3549425?
5, 11, 12907
What are the prime factors of 563578?
2, 19, 14831
List the prime factors of 303999.
3, 101333
What are the prime factors of 1486462?
2, 67, 11093
List the prime factors of 139847.
109, 1283
What are the prime factors of 194689?
11, 1609
What are the prime factors of 994776?
2, 3, 181, 229
List the prime factors of 648789.
3, 216263
What are the prime factors of 217189?
7, 19, 23, 71
List the prime factors of 653037.
3, 7, 11, 257
List the prime factors of 1857104.
2, 37, 3137
List the prime factors of 1105095.
3, 5, 73673
List the prime factors of 1987290.
2, 3, 5, 71, 311
List the prime factors of 355044.
2, 3, 29587
List the prime factors of 2736696.
2, 3, 101, 1129
List the prime factors of 775957.
7, 13, 8527
List the prime factors of 12043120.
2, 5, 29, 179
List the prime factors of 887567.
887567
What are the prime factors of 17725?
5, 709
What are the prime factors of 43680229?
43680229
List the prime factors of 4769928.
2, 3,